{"id":3207,"date":"2023-07-24T20:28:52","date_gmt":"2023-07-24T20:28:52","guid":{"rendered":"https:\/\/leoparmultimodal.com\/?page_id=3207"},"modified":"2024-02-15T08:48:17","modified_gmt":"2024-02-15T08:48:17","slug":"kisisel-verileri-koruma-kanunu","status":"publish","type":"page","link":"https:\/\/leoparmultimodal.com\/index.php\/kisisel-verileri-koruma-kanunu\/","title":{"rendered":"Ki\u015fisel Verileri Koruma Kanunu"},"content":{"rendered":"<p><strong>Ki\u015fisel Verilerin \u0130\u015flenmesi Ayd\u0131nlatma Metni <\/strong><\/p>\n<p>De\u011ferli Ziyaret\u00e7imiz Ki\u015fisel verilerin Korunmas\u0131 Kanunu Kapsam\u0131nda sizleri bilgilendirmek istiyoruz.<\/p>\n<p>6698 say\u0131l\u0131 Ki\u015fisel Verilerin Korunmas\u0131 Kanunu (\u201cKVK Kanunu\u201d) uyar\u0131nca, kimli\u011finizi belirli veya belirlenebilir k\u0131lan her t\u00fcrl\u00fc bilginiz ve \u00f6zel nitelikli ki\u015fisel verileriniz d\u00e2hil ki\u015fisel verileriniz, veri sorumlusu olarak Leopar Multimodal Lojistik A.\u015e. (\u201c\u015eirket\u201d) taraf\u0131ndan i\u015flenebilecektir.<\/p>\n<p>Ki\u015fisel verilerin i\u015flenmesi ise ki\u015fisel verilerin elde edilmesi, kaydedilmesi, depolanmas\u0131, muhafaza edilmesi, de\u011fi\u015ftirilmesi, yeniden d\u00fczenlenmesi, a\u00e7\u0131klanmas\u0131, aktar\u0131lmas\u0131, s\u0131n\u0131fland\u0131r\u0131lmas\u0131, ya da kullan\u0131lmas\u0131n\u0131n engellenmesi gibi verileri \u00fczerinden ger\u00e7ekle\u015ftirilen her t\u00fcrl\u00fc i\u015flemi ifade etmektedir.<\/p>\n<p>Ki\u015fisel verilerinizin korunmas\u0131 bizim i\u00e7in hayati \u00f6neme sahiptir. Bu konuda gereken t\u00fcm \u00f6nlemleri alaca\u011f\u0131m\u0131za ve son derece \u015feffaf olmaya devam edece\u011fimizi bildirmek istiyoruz.<\/p>\n<p>&nbsp;<\/p>\n<p><strong>Ki\u015fisel Verilerin \u0130\u015flenme Ama\u00e7lar\u0131 <\/strong><\/p>\n<p>Toplanan ki\u015fisel verileriniz, \u015eirketimiz ve \u015eirketimizle i\u015f ili\u015fkisi i\u00e7erisinde olan ki\u015filerin hukuki ve ticari g\u00fcvenli\u011finin temini, Mevcut m\u00fc\u015fterilerimiz i\u00e7in memnuniyet de\u011ferlendirme faaliyetlerinin y\u00fcr\u00fct\u00fclmesi, organizasyon ve etkinlik y\u00f6netimi, sat\u0131\u015f ve sat\u0131n alma s\u00fcre\u00e7lerinin y\u00fcr\u00fct\u00fclmesi, finans ve muhasebe i\u015flemlerinin ger\u00e7ekle\u015ftirilmesi, i\u00e7 denetim s\u00fcre\u00e7lerinin y\u00fcr\u00fct\u00fclmesi,&nbsp; i\u015f sa\u011fl\u0131\u011f\u0131 ve g\u00fcvenli\u011fi faaliyetlerinin y\u00fcr\u00fct\u00fclmesi, ilgili\/yetkili kamu kurulu\u015flar\u0131na bildirim y\u00fck\u00fcml\u00fcl\u00fc\u011f\u00fcn\u00fcn yerine getirilmesi (Mahkemeler, \u00c7evre \u015eehircilik Bakanl\u0131\u011f\u0131, Maliye Bakanl\u0131\u011f\u0131, \u00c7al\u0131\u015fma ve Sosyal G\u00fcvenlik Bakanl\u0131\u011f\u0131, \u0130\u00e7 i\u015fleri Bakanl\u0131\u011f\u0131 v.b.), \u015eirketimizin insan kaynaklar\u0131 politikalar\u0131n\u0131n y\u00fcr\u00fct\u00fclmesinin temini, bilgi ve fiziksel g\u00fcvenlik s\u00fcre\u00e7lerinin y\u00fcr\u00fct\u00fclmesi ama\u00e7lar\u0131yla i\u015flenebilecektir.<\/p>\n<p>&nbsp;<\/p>\n<p><strong>Ki\u015fisel Verilerinizin Aktar\u0131lmas\u0131 <\/strong><\/p>\n<p>Yukar\u0131da say\u0131lan ama\u00e7larla verileriniz i\u015flenir, g\u00fcvenle saklan\u0131r ve yasal mevzuat ve a\u00e7\u0131k r\u0131zan\u0131z d\u0131\u015f\u0131nda 3. Ki\u015filerle kesinlikle payla\u015f\u0131lmaz. TTK, VUK, SGK, \u0130\u015e Kanunu, ISG Kanunu, \u00c7evre Y\u00f6netim Y\u00f6netmeli\u011fi gibi yasal mevzuattan kaynakl\u0131 y\u00fck\u00fcml\u00fcl\u00fckler gere\u011fi yetkili kamu kurum\/kurulu\u015flar\u0131na, denetim s\u00fcre\u00e7lerinin y\u00fcr\u00fct\u00fclmesi amac\u0131yla ba\u011f\u0131ms\u0131z denetim firmalar\u0131na, i\u015f seyahatleri ve organizasyon, \u00f6d\u00fcllendirme s\u00fcre\u00e7lerinde arac\u0131\/acente hizmeti veren kurumlara, i\u015f ortaklar\u0131m\u0131za, hissedarlar\u0131m\u0131za, ba\u011fl\u0131 grup \u015firketlerimize ve i\u015f s\u00fcre\u00e7lerimizde destek ald\u0131\u011f\u0131m\u0131z yerel\/uluslararas\u0131 kurulu\u015flara, hukuki dayanaklar ve r\u0131zan\u0131z \u00e7er\u00e7evesinde aktar\u0131labilecektir.<\/p>\n<p>&nbsp;<\/p>\n<p><strong>Ki\u015fisel Verilerinizin Toplanma Y\u00f6ntemi <\/strong><\/p>\n<p>Ki\u015fisel verileriniz \u015eirketimiz taraf\u0131ndan farkl\u0131 kanallarla ve farkl\u0131 hukuki sebeplere dayanarak ticari faaliyetlerimizi y\u00fcr\u00fctmek amac\u0131yla toplanmaktad\u0131r. Ticari s\u00fcre\u00e7lerin y\u00fcr\u00fct\u00fclmesi faaliyetleri<\/p>\n<p>\u00e7er\u00e7evesinde; M\u00fc\u015fteri tan\u0131t\u0131m formlar\u0131, tedarik\u00e7i bilgi formlar\u0131, ileti\u015fim bilgi formlar\u0131, di\u011fer ticari belgeler, \u00f6deme bilgileri, k\u0131ymetli evraklar, aday ba\u015fvuru formlar\u0131 gibi yaz\u0131l\u0131 belge\/formlar ile yapt\u0131\u011f\u0131n\u0131z bildirimler arac\u0131l\u0131\u011f\u0131yla s\u00f6zl\u00fc, yaz\u0131l\u0131 veya elektronik ortamda olmak kayd\u0131yla tamamen veya k\u0131smen otomatik olan ya da herhangi bir veri kay\u0131t sisteminin par\u00e7as\u0131 olarak otomatik olmayan, yurt i\u00e7i\/yurtd\u0131\u015f\u0131 i\u015ftiraklerimiz, i\u015fbirli\u011fi yapt\u0131\u011f\u0131m\u0131z program orta\u011f\u0131 kurum ve kurulu\u015flar, resmi kurumlar, di\u011fer 3.ki\u015filer de dahil olmak \u00fczere Leopar Multimodal Lojistik A.\u015e. d\u0131\u015f\u0131ndan da elde edilebilecek \u015fekilde \u00e7e\u015fitli y\u00f6ntemlerle toplamaktad\u0131r.<\/p>\n<p>&nbsp;<\/p>\n<p><strong>KVK Kanunu\u2019nun 11. maddesinde Say\u0131lan Haklar\u0131n\u0131z <\/strong><\/p>\n<p><strong>&nbsp;<\/strong><\/p>\n<p>Ki\u015fisel veri sahipleri olarak, haklar\u0131n\u0131za ili\u015fkin taleplerinizi, i\u015fbu Ayd\u0131nlatma Metninde a\u015fa\u011f\u0131da d\u00fczenlenen y\u00f6ntemlerle \u015eirketimize iletmeniz durumunda \u015eirketimiz talebin niteli\u011fine g\u00f6re talebi en k\u0131sa s\u00fcrede ve en ge\u00e7 otuz g\u00fcn i\u00e7inde \u00fccretsiz olarak sonu\u00e7land\u0131racakt\u0131r. Ancak, Ki\u015fisel Verileri Koruma Kurulunca bir \u00fccret \u00f6ng\u00f6r\u00fclmesi halinde, \u015eirketimiz taraf\u0131ndan belirlenen tarifedeki \u00fccret al\u0131nacakt\u0131r.<\/p>\n<p>Bu kapsamda ki\u015fisel veriniz ile ilgili<\/p>\n<p>a)Ki\u015fisel veri i\u015flenip i\u015flenmedi\u011fini \u00f6\u011frenme,<\/p>\n<p>b)Ki\u015fisel verileri i\u015flenmi\u015fse buna ili\u015fkin bilgi talep etme,<\/p>\n<p>c)Ki\u015fisel verilerin i\u015flenme amac\u0131n\u0131 ve bunlar\u0131n amac\u0131na uygun kullan\u0131l\u0131p kullan\u0131lmad\u0131\u011f\u0131n\u0131 \u00f6\u011frenme,<\/p>\n<p>\u00e7) Yurt i\u00e7inde veya yurt d\u0131\u015f\u0131nda ki\u015fisel verilerin aktar\u0131ld\u0131\u011f\u0131 \u00fc\u00e7\u00fcnc\u00fc ki\u015fileri bilme,<\/p>\n<ol>\n<li>d) Ki\u015fisel verilerin eksik veya yanl\u0131\u015f i\u015flenmi\u015f olmas\u0131 h\u00e2linde bunlar\u0131n d\u00fczeltilmesini isteme ve bu kapsamda yap\u0131lan i\u015flemin ki\u015fisel verilerin aktar\u0131ld\u0131\u011f\u0131 \u00fc\u00e7\u00fcnc\u00fc ki\u015filere bildirilmesini isteme,<\/li>\n<li>e) KVK Kanunu\u2019nun ve ilgili di\u011fer kanun h\u00fck\u00fcmlerine uygun olarak i\u015flenmi\u015f olmas\u0131na ra\u011fmen, i\u015flenmesini gerektiren sebeplerin ortadan kalkmas\u0131 h\u00e2linde ki\u015fisel verilerin silinmesini veya yok edilmesini isteme ve bu kapsamda yap\u0131lan i\u015flemin ki\u015fisel verilerin aktar\u0131ld\u0131\u011f\u0131 \u00fc\u00e7\u00fcnc\u00fc ki\u015filere bildirilmesini isteme,<\/li>\n<li>f) \u0130\u015flenen verilerin m\u00fcnhas\u0131ran otomatik sistemler vas\u0131tas\u0131yla analiz edilmesi suretiyle ki\u015finin kendisi aleyhine bir sonucun ortaya \u00e7\u0131kmas\u0131na itiraz etme,<\/li>\n<\/ol>\n<p>g)Ki\u015fisel verilerin kanuna ayk\u0131r\u0131 olarak i\u015flenmesi sebebiyle zarara u\u011framas\u0131 h\u00e2linde zarar\u0131n giderilmesini talep etme haklar\u0131na sahipsiniz.<\/p>\n<p>&nbsp;<\/p>\n<p><strong>Veri Sorumlusu ve \u0130lgili Ki\u015fi Bilgi Talep Y\u00f6ntemleri <\/strong><\/p>\n<p>KVK Kanunu gere\u011fi yukar\u0131da belirtilen haklar\u0131n\u0131z\u0131 kullanmak ile ilgili talebinizi, yaz\u0131l\u0131 veya Ki\u015fisel Verileri Koruma Kurulu\u2019nun belirledi\u011fi di\u011fer y\u00f6ntemlerle ve a\u015fa\u011f\u0131da belirtilen kanallar ile \u015eirketimize iletebilirsiniz.<\/p>\n<p>\u0130lgili ki\u015fi olarak hak taleplerinizi, yaz\u0131l\u0131 olarak kimli\u011finizi tespit edici gerekli belgelerin de sa\u011flayarak \u015eirketimize iletmeniz gerekmektedir. Bu \u00e7er\u00e7evede, \u015eirketimize KVK Kanunu\u2019nun 11. maddesi kapsam\u0131nda yapaca\u011f\u0131n\u0131z ba\u015fvurular\u0131n sa\u011fl\u0131kl\u0131 ve h\u0131zl\u0131 \u015fekilde y\u00f6netilmesi i\u00e7in Dilek\u00e7e ile talebinize g\u00f6re istenebilecek belge\/bilgileri ve kimli\u011finizi tespit edici gerekli belgelerin de sa\u011flanarak bizzat elden ya da posta yolu ile yapman\u0131z gerekmektedir.<\/p>\n<p>&nbsp;<\/p>\n<p>Ayr\u0131ca, talebinizi info@leoparmultimodal.com&nbsp;adresine g\u00fcvenli elektronik imzal\u0131 olarak bizlere talebinizi iletebilirsiniz.<\/p>\n<p><strong><em>&nbsp;<\/em><\/strong><\/p>\n<p>&nbsp;<\/p>\n<p><strong><em>Ticaret Unvan\u0131 : Leopar Multimodal Lojistik A.\u015e.<\/em><\/strong><\/p>\n<p><strong><em>Adres <\/em><\/strong><em>: <span class=\"w8qArf\"> Yal\u0131 Mah, Helis More Residence, Kadir Sk. No:14 K:31 D:283, 34873 Kartal\/\u0130stanbul<\/span><\/em><\/p>\n<p><strong><em>Web adresi : www.leoparmultimodal.com<\/em><\/strong><\/p>\n<p><strong><em>Telefon: 0216 574 47 27<\/em><\/strong><\/p>\n","protected":false},"excerpt":{"rendered":"<p>Ki\u015fisel Verilerin \u0130\u015flenmesi Ayd\u0131nlatma Metni De\u011ferli Ziyaret\u00e7imiz Ki\u015fisel verilerin Korunmas\u0131 Kanunu Kapsam\u0131nda sizleri bilgilendirmek istiyoruz. 6698 say\u0131l\u0131 Ki\u015fisel Verilerin Korunmas\u0131 Kanunu (\u201cKVK Kanunu\u201d) uyar\u0131nca, kimli\u011finizi belirli veya belirlenebilir k\u0131lan her t\u00fcrl\u00fc bilginiz ve \u00f6zel nitelikli ki\u015fisel verileriniz d\u00e2hil ki\u015fisel verileriniz, veri sorumlusu olarak Leopar Multimodal Lojistik A.\u015e. (\u201c\u015eirket\u201d) taraf\u0131ndan i\u015flenebilecektir. Ki\u015fisel verilerin i\u015flenmesi ise ki\u015fisel [&hellip;]<\/p>\n","protected":false},"author":1,"featured_media":0,"parent":0,"menu_order":0,"comment_status":"closed","ping_status":"closed","template":"","meta":{"_mi_skip_tracking":false,"_monsterinsights_sitenote_active":false,"_monsterinsights_sitenote_note":"","_monsterinsights_sitenote_category":0,"ngg_post_thumbnail":0,"footnotes":""},"class_list":["post-3207","page","type-page","status-publish","hentry"],"aioseo_notices":[],"acf":[],"_links":{"self":[{"href":"https:\/\/leoparmultimodal.com\/index.php\/wp-json\/wp\/v2\/pages\/3207","targetHints":{"allow":["GET"]}}],"collection":[{"href":"https:\/\/leoparmultimodal.com\/index.php\/wp-json\/wp\/v2\/pages"}],"about":[{"href":"https:\/\/leoparmultimodal.com\/index.php\/wp-json\/wp\/v2\/types\/page"}],"author":[{"embeddable":true,"href":"https:\/\/leoparmultimodal.com\/index.php\/wp-json\/wp\/v2\/users\/1"}],"replies":[{"embeddable":true,"href":"https:\/\/leoparmultimodal.com\/index.php\/wp-json\/wp\/v2\/comments?post=3207"}],"version-history":[{"count":4,"href":"https:\/\/leoparmultimodal.com\/index.php\/wp-json\/wp\/v2\/pages\/3207\/revisions"}],"predecessor-version":[{"id":4047,"href":"https:\/\/leoparmultimodal.com\/index.php\/wp-json\/wp\/v2\/pages\/3207\/revisions\/4047"}],"wp:attachment":[{"href":"https:\/\/leoparmultimodal.com\/index.php\/wp-json\/wp\/v2\/media?parent=3207"}],"curies":[{"name":"wp","href":"https:\/\/api.w.org\/{rel}","templated":true}]}}